*v**3 + 4*v**2 + 5*v + 1. Let s = -28 + 41. Calculate the remainder when i(-1) is divided by s.
8
Let w = 271 - 130. Suppose -4*y = 5*n + 74 - 292, w = 3*n - y. What is the remainder when n is divided by 26?
20
Suppose -3*w = -50 - 301. Calculate the remainder when w is divided by 25.
17
Suppose 7*n = 2*n - 5*v + 65, -17 = -n - 5*v. What is the remainder when 142 is divided by n?
10
Suppose -5*h + 2154 = 3*v, -2*v - 3*h + 1089 = -347. Calculate the remainder when v is divided by 80.
78
Suppose 2*r - 6*r = k - 3, 0 = -3*k + 5*r - 25. Calculate the remainder when (21 + -1)/k + 134 is divided by 33.
31
Suppose 0 = -s - 0*s + k + 9, 0 = 2*s + 2*k + 2. Let v = 21 - 15. What is the remainder when v is divided by s?
2
Let f = 748 - 665. Let d(v) = -v**3 + 7*v**2 - 4*v - 2. Calculate the remainder when f is divided by d(5).
27
Let z(j) = -6*j**3 + 4*j**2 + 3*j. What is the remainder when z(-3) is divided by 64?
61
Let g(t) = -t**2 - 4*t + 38 + 10*t + 0*t + 12*t. What is the remainder when g(16) is divided by 8?
6
Let s be 2/8 + (-2)/8. What is the remainder when 2/(-4)*(-190 + s) is divided by 14?
11
Let r(w) = -58*w - 720. Calculate the remainder when r(-13) is divided by (-4)/(-10) + 93/5.
15
Let c be -188*2/8*-1. Let n = c - 27. Calculate the remainder when 77 is divided by n.
17
Let h be 6/8 - (-488)/32. Calculate the remainder when 39 is divided by (-25)/(-10)*h/5.
7
Let b = -1913 - -1962. Let q = 34 + -12. Let x = q - 12. Calculate the remainder when b is divided by x.
9
Calculate the remainder when 129 is divided by 3 + ((-126)/(-6))/7.
3
Let y(h) = 2*h**2 + 4*h - 127. Calculate the remainder when y(-14) is divided by 50.
9
Calculate the remainder when (16 + -13)*(-664)/(-6) is divided by 37.
36
Let k(h) = -8*h + 118. What is the remainder when k(10) is divided by 25?
13
Let t = 18 - 14. Let y(i) = i**3 - 5*i**2 + 5*i + 3. What is the remainder when 11 is divided by y(t)?
4
Suppose 4*v = -4*q, -q - 2*v + 2 = 4. Suppose -94 = p - q*p. Calculate the remainder when p is divided by 19.
18
Suppose -4*c + 4*w + 60 = 0, 0 = 3*c + 2*w - 1 - 69. Calculate the remainder when 154 is divided by c.
14
Suppose o = w + 33, 3*w + o + 153 = -2*w. Let r = w - -40. Calculate the remainder when 15 is divided by r.
6
Let v be (-127 - (7 - 4))/(-1). Suppose -106 = -4*d + v. What is the remainder when d is divided by 15?
14
Suppose 5*q - 192 = -2*l + 91, -2*l + 292 = -4*q. What is the remainder when l is divided by 71?
2
Let c be 0 + (-5)/10 - 10/(-4). Suppose -5*j + c*z = -3*z - 480, j - 104 = 5*z. What is the remainder when j is divided by 32?
30
Let b(h) = -h**2 - 5*h + 2. Let c be b(-5). Suppose -3*w + c*u = -58, -4*w + u = w - 92. Calculate the remainder when 69 is divided by w.
15
Let g be 132/(((-3)/(-18))/(8/36)). Suppose 6*o = o - 4*w + g, -185 = -5*o + 5*w. Calculate the remainder when 176 is divided by o.
32
Suppose -3*i = -0*i - 2*t - 58, -2*i = 3*t - 56. Calculate the remainder when 65 is divided by i.
21
Suppose -9 + 0 = 2*o - 3*g, 2*o = -2*g + 6. Suppose o = -9*k + 14*k - 365. Let r = -34 + k. What is the remainder when r is divided by 10?
9
Suppose 5*t - 347 = -2*a + 321, t - 5*a = 112. What is the remainder when t is divided by 15?
12
Let r(d) = 21*d - 18. Let a(x) = -x - 1. Let k(z) = 15*a(z) + r(z). What is the remainder when k(9) is divided by 12?
9
Suppose 3*p - 2*p - 6 = o, p + 5*o = -12. Calculate the remainder when 13 is divided by p.
1
Suppose -3*x - j - 40 = -156, 0 = -2*x - 3*j + 68. Let h = 11 + 3. Calculate the remainder when x is divided by h.
12
Let p = 481 - 473. Calculate the remainder when 35 is divided by p.
3
Suppose -5*r = -25, 4*l + 4*r = 8 + 4. Calculate the remainder when 6/(-21) - (-764)/28 is divided by (2/(-4))/(l/40).
7
Suppose -k = -y - 35, 2*y - 175 = 2*k - 7*k. Suppose -20*p + 3666 = 906. Calculate the remainder when p is divided by k.
33
Let m be (-2090)/70 - 1/7. Let a = -89 - m. Let n = -10 - a. What is the remainder when n is divided by 26?
23
Let x be ((-2)/(-2))/(17/459). Let v = x + -14. What is the remainder when 90 is divided by v?
12
Suppose 4*r - t + 6*t - 85 = 0, r - 2*t - 18 = 0. Calculate the remainder when r is divided by 8.
4
Suppose -149 = -5*z + 3*t - t, 15 = 5*t. Calculate the remainder when 1052 is divided by z.
29
Let i(q) = -2*q**3 + 70*q**2 - 2*q + 79. What is the remainder when 40 is divided by i(35)?
4
Let j(t) be the first derivative of 10*t**3/3 + t**2/2 + 11. Suppose -3*i + 31 = 4*p, 0*i - 15 = -2*p - i. What is the remainder when j(-1) is divided by p?
2
Let l = 25 - 22. Let o(d) = d**3 - 5*d**2 + 4*d + 4. Suppose 10 = 3*x - 2. Calculate the remainder when o(x) is divided by l.
1
Suppose -8 = -2*r + 6. Calculate the remainder when (3/(18/(-4)))/((-66)/2178) is divided by r.
1
Let n be 0/(3/6*2). Suppose 12 = -k - n. What is the remainder when -2 - k/3 - -22 is divided by 9?
6
Suppose q - 2*q = x - 12, 4*q + 42 = 2*x. Calculate the remainder when x is divided by 4/14 - 122/(-14).
6
Let w be 0*2/((-4)/2). Suppose s + 3*s - 5*g - 62 = w, 0 = 3*s + 3*g - 33. Let i(x) = x**2 - 2*x + 2. What is the remainder when i(-5) is divided by s?
11
Let h(w) = -w. Let k(g) = g**2 - g - 25. Let q(m) = 2*h(m) + k(m). Calculate the remainder when 171 is divided by q(9).
26
Let h(v) be the third derivative of -v**6/120 + 7*v**5/60 + 5*v**4/12 + 4*v**3/3 + 48*v**2. What is the remainder when h(8) is divided by 80/6 - 2/6?
11
Let s = 287 - 268. What is the remainder when 128 is divided by s?
14
Let p(b) be the third derivative of -b**4/12 + 14*b**3/3 + 9*b**2. Let g be p(12). Suppose -8*h = -g*h - 104. What is the remainder when 75 is divided by h?
23
Let q(p) be the second derivative of -11*p**5/10 - p**4/3 - p**3/3 + 3*p**2/2 - 38*p. Calculate the remainder when q(-2) is divided by 42.
41
Suppose 10*z - 934 = -224. Calculate the remainder when 1346 is divided by z.
68
Let q(u) = u**2 + 4*u - 2. Let r(a) = -a**2 + 2 + 0 - 8*a + 1 - a**2. Let x(i) = 7*q(i) + 4*r(i). Calculate the remainder when 3 is divided by x(-3).
0
Suppose -43*k + 224 = -15*k. What is the remainder when 36 is divided by k?
4
Let b = 84 + -66. Calculate the remainder when (-1828)/(-15) + 2 - 6/(-45) is divided by b.
16
Suppose 0 = 60*c - 52*c - 288. Suppose 7*g - 500 = 235. What is the remainder when g is divided by c?
33
Suppose -146*q = -150*q + 216. What is the remainder when 198 is divided by q?
36
Let k(l) = -l**3 - 10*l**2 - 7*l - 14. Calculate the remainder when k(-10) is divided by 20.
16
Suppose -5*d + 0*d = 4*o - 498, -d = 2*o - 102. Calculate the remainder when d is divided by 29.
11
Suppose 62 = -5*u + 947. Calculate the remainder when u is divided by 32.
17
Let i(k) = k**3 - 7*k**2 - k + 22. Calculate the remainder when 254 is divided by i(7).
14
Let x(b) = 15*b**2 + 4*b - 3. Suppose -2*f + 2 = -4. Let g be x(f). Let a = g + -63. Calculate the remainder when a is divided by 21.
18
Suppose 2*g - 3*g + 2*i + 50 = 0, 0 = 3*g - 3*i - 135. What is the remainder when ((-16)/5)/((-68)/170) + 149 is divided by g?
37
Let x(t) = 2*t**3 + 3*t**2 - t - 1. Suppose -47 = 4*b + g, 5*g - 2 = 3. Let l = 19 + b. Calculate the remainder when x(2) is divided by l.
4
Suppose 0 = -5*c - n + 101, 5*n - 22 = -2*c - 0*n. Suppose 2*g - 2*y - 16 = -2, 4*y + c = 3*g. What is the remainder when g is divided by 2?
1
Suppose -4 = 3*m - 13. What is the remainder when ((-260)/(-3))/1 + m/9 is divided by 18?
15
Let u = -106 - -132. What is the remainder when 2/8 - (-507)/4 is divided by u?
23
Let d(m) = 8 + 5*m**2 + m**3 + 8*m + 0*m**3 - 3*m + 1. Calculate the remainder when 38 is divided by d(-4).
3
Let g(q) be the third derivative of -q**4/12 - q**3/6 + 2*q**2. Let o be g(1). What is the remainder when 39 is divided by 23 - (5 - (-1 - o))?
19
Suppose 686 = 7*p - 3*p + d, 0 = -4*p + 3*d + 694. Let h = p - 87. Calculate the remainder when h is divided by 22.
19
Suppose -p + 3*i = p - 57, 4*i + 41 = p. Let v = 40 - 4. Calculate the remainder when v is divided by p.
15
Suppose 30 = -3*k - 3*k. Calculate the remainder when (10/k - -161)*(-3)/(-9) is divided by 8.
5
Suppose 0 = 4*a + 3*k + 6, 5*a + 5*k + 8 = -2. Calculate the remainder when (a - (-1422)/(-24))*1*-4 is divided by 30.
27
Suppose 2*g - 7*g + 35 = 0. Let t = -23 - -44. Calculate the remainder when t is